e 8
5
-440 (base 8) to base 11
-242
Convert 1 (base 4) to base 13.
1
What is -120 (base 6) in base 16?
-30
-13 (base 15) to base 7
-24
What is d (base 16) in base 6?
21
Convert -3 (base 16) to base 13.
-3
Convert 2b (base 16) to base 11.
3a
-33 (base 10) to base 12
-29
What is -43 (base 5) in base 6?
-35
-68 (base 9) to base 13
-4a
-17 (base 8) to base 2
-1111
4 (base 9) to base 11
4
Convert 220 (base 3) to base 4.
120
What is 5 (base 13) in base 6?
5
Convert 2 (base 14) to base 15.
2
What is 8 (base 15) in base 4?
20
Convert -4b (base 13) to base 2.
-111111
Convert 1 (base 6) to base 12.
1
Convert -2 (base 14) to base 2.
-10
4 (base 11) to base 4
10
30 (base 8) to base 3
220
42 (base 5) to base 4
112
Convert -5 (base 8) to base 3.
-12
-5 (base 9) to base 5
-10
What is -3 (base 15) in base 8?
-3
Convert -6 (base 12) to base 7.
-6
What is -23 (base 10) in base 14?
-19
Convert 1111010 (base 2) to base 16.
7a
What is 16 (base 9) in base 4?
33
-36 (base 15) to base 2
-110011
What is -21 (base 3) in base 9?
-7
What is 1011 (base 2) in base 16?
b
What is -200 (base 5) in base 4?
-302
Convert -105 (base 8) to base 15.
-49
-9 (base 14) to base 7
-12
-29 (base 13) to base 7
-50
What is 2 (base 13) in base 14?
2
166 (base 10) to base 5
1131
33 (base 8) to base 10
27
What is 0 (base 11) in base 13?
0
What is -4 (base 8) in base 16?
-4
Convert 0 (base 6) to base 16.
0
What is 48 (base 12) in base 10?
56
Convert -37 (base 13) to base 10.
-46
Convert 87 (base 11) to base 5.
340
What is -7 (base 10) in base 13?
-7
Convert -1 (base 6) to base 8.
-1
10 (base 3) to base 14
3
12 (base 11) to base 4
31
Convert -223 (base 5) to base 8.
-77
What is -25 (base 7) in base 9?
-21
Convert 243 (base 7) to base 10.
129
Convert 5 (base 6) to base 15.
5
Convert 11 (base 3) to base 2.
100
0 (base 13) to base 11
0
Convert -e9 (base 16) to base 11.
-1a2
What is -2 (base 6) in base 12?
-2
What is -4 (base 10) in base 14?
-4
What is 39 (base 15) in base 13?
42
What is -10 (base 5) in base 12?
-5
Convert -3 (base 15) to base 16.
-3
What is -40 (base 6) in base 4?
-120
What is 56 (base 11) in base 2?
111101
1233 (base 4) to base 5
421
Convert -1102 (base 3) to base 15.
-28
10110 (base 2) to base 14
18
What is -110 (base 8) in base 12?
-60
-19 (base 11) to base 13
-17
Convert 0 (base 8) to base 9.
0
41 (base 8) to base 5
113
2 (base 7) to base 9
2
What is 1 (base 16) in base 2?
1
What is -26 (base 12) in base 9?
-33
Convert -3 (base 11) to base 3.
-10
Convert 64 (base 16) to base 11.
91
177 (base 12) to base 7
454
Convert 2 (base 7) to base 2.
10
-6 (base 8) to base 12
-6
-13 (base 6) to base 3
-100
21 (base 6) to base 13
10
5 (base 7) to base 5
10
54 (base 6) to base 13
28
121 (base 5) to base 11
33
Convert d (base 15) to base 6.
21
3 (base 15) to base 4
3
-26 (base 12) to base 10
-30
What is -320 (base 6) in base 9?
-143
What is -1 (base 6) in base 13?
-1
What is -c (base 14) in base 8?
-14
Convert -1 (base 10) to base 15.
-1
What is -35 (base 16) in base 12?
-45
-2 (base 7) to base 13
-2
What is -2 (base 11) in base 4?
-2
-2113 (base 5) to base 6
-1151
25 (base 7) to base 5
34
What is 10011 (base 2) in base 14?
15
Convert 1aa (base 14) to base 9.
424
What is 8 (base 9) in base 3?
22
Convert -1 (base 15) to base 4.
-1
1001 (base 4) to base 7
122
-3 (base 12) to base 11
-3
What is 16 (base 16) in base 3?
211
Convert 1 (base 6) to base 4.
1
Convert -7 (base 10) to base 7.
-10
Convert 1010 (base 2) to base 3.
101
What is 7 (base 11) in base 6?
11
1 (base 7) to base 16
1
Convert -4 (base 12) to base 9.
-4
What is 2 (base 4) in base 15?
2
What is -420 (base 5) in base 8?
-156
What is 13 (base 6) in base 3?
100
-157 (base 9) to base 2
-10000101
What is 233 (base 4) in base 2?
101111
Convert 1 (base 9) to base 5.
1
9 (base 14) to base 9
10
-12 (base 10) to base 12
-10
What is -2 (base 16) in base 12?
-2
-29 (base 15) to base 8
-47
Convert -3 (base 8) to base 5.
-3
Convert -22 (base 12) to base 5.
-101
42 (base 9) to base 16
26
Convert 40 (base 13) to base 6.
124
What is 245 (base 10) in base 6?
1045
What is -1 (base 14) in base 9?
-1
Convert 29 (base 13) to base 8.
43
Convert -1212 (base 3) to base 4.
-302
46 (base 11) to base 8
62
63 (base 8) to base 14
39
What is 0 (base 15) in base 3?
0
What is 191 (base 12) in base 6?
1101
Convert 15 (base 9) to base 15.
e
Convert 4 (base 13) to base 11.
4
-10001 (base 2) to base 5
-32
Convert 413 (base 6) to base 8.
231
Convert 2 (base 10) to base 13.
2
Convert 74 (base 13) to base 10.
95
Convert -11 (base 5) to base 7.
-6
3 (base 16) to base 4
3
What is -1 (base 10) in base 6?
-1
5 (base 11) to base 5
10
Convert a (base 12) to base 5.
20
Convert -15 (base 11) to base 10.
-16
13 (base 4) to base 9
7
-10 (base 3) to base 9
-3
12 (base 8) to base 5
20
-23 (base 10) to base 7
-32
11100 (base 2) to base 14
20
What is -a (base 12) in base 8?
-12
What is 3 (base 13) in base 14?
3
10001011 (base 2) to base 7
256
0 (base 7) to base 6
0
What is -60 (base 10) in base 2?
-111100
What is e (base 16) in base 9?
15
-33 (base 7) to base 13
-1b
-231 (base 5) to base 8
-102
Convert 130 (base 13) to base 6.
544
What is -256 (base 11) in base 4?
-10233
235 (base 8) to base 3
12211
31 (base 14) to base 10
43
What is 5 (base 16) in base 2?
101
What is 204 (base 6) in base 3?
2211
What is -240 (base 11) in base 12?
-1ba
What is -35 (base 12) in base 14?
-2d
What is 10 (base 7) in base 13?
7
What is 5 (base 12) in base 15?
5
-11 (base 4) to base 10
-5
Convert -ea (base 15) to base 2.
-11011100
Convert -3d (base 15) to base 16.
-3a
-278 (base 10) to base 12
-1b2
Convert -133 (base 4) to base 6.
-51
What is -4 (base 8) in base 13?
-4
Convert -a (base 14) to base 13.
-a
What is -11 (base 12) in base 5?
-23
What is -84 (base 14) in base 5?
-431
-59 (base 13) to base 3
-2202
-100010110 (base 2) to base 5
-2103
Convert 10010011 (base 2) to base 12.
103
6 (base 7) to base 9
6
What is 3 (base 12) in base 11?
3
Convert -12 (base 13) to base 16.
-f
Convert 110 (base 2) to base 16.
6
Convert 0 (base 7) to base 14.
0
11 (base 3) to base 15
4
211 (base 3) to base 5
42
What is -17 (base 12) in base 15?
-14
What is 2 (base 11) in base 14?
2
Convert -3b (base 16) to base 8.
-73
What is -2 (base 14) in base 16?
-2
100 (base 3) to base 14
9
8 (base 14) to base 13
8
62 (base 7) to base 9
48
What is -6 (base 13) in base 12?
-6
3 (base 11) to base 10
3
Convert -5 (base 7) to base 6.
-5
-5 (base 13) to base 7
-5
What is 33 (base 6) in base 16?
15
-a (base 13) to base 7
-13
What is 2 (base 11) in base 14?
2
18a (base 11) to base 3
22010
-6b (base 12) to base 2
-1010011
55 (base 14) to base 16
4b
311 (base 6) to base 9
137
Convert -a3 (base 13) to base 9.
-157
Convert -120 (base 4) to base 9.
-26
What is -67 (base 12) in base 4?
-1033
-4d (base 15) to base 5
-243
2 (base 9) to base 12
2
-1b9 (base 14) to base 4
-11213
-503 (base 6) to base 4
-2313
Convert 3 (base 9) to base 14.
3
What is 11 (base 8) in base 9?
10
Convert -1 (base 7) to base 2.
-1
-29 (base 12) to base 6
-53
Convert -3 (base 9) to base 2.
-11
Convert -1 (base 15) to base 2.
-1
What is -1 (base 5) in base 8?
-1
What is 18 (base 16) in base 11?
22
8d (base 15) to base 13
a3
Convert -27 (base 12) to base 10.
-31
Convert 33 (base 7) to base 16.
18
What is -23 (base 4) in base 12?
-b
Convert 110 (base 8) to base 16.
48
1 (base 16) to base 2
1
What is -240 (base 7) in base 5?
-1001
-10b (base 15) to base 6
-1032
-94 (base 11) to base 3
-10211
What is 7 (base 16) in base 7?
10
Convert 234 (base 6) to base 16.
5e
Convert -41 (base 7) to base 14.
-21
Convert 4 (base 7) to base 4.
10
Convert 11 (base 3) to base 11.
4
Convert -164 (base 10) to base 13.
-c8
What is 1 (base 16) in base 2?
1
What is -13 (base 12) in base 4?
-33
Convert 1100100 (base 2) to base 12.
84
-100 (base 2) to base 11
-4
Convert -9 (base 13) to base 12.
-9
Convert -25 (base 7) to base 4.
-103
What is 101010 (base 2) in base 5?
132
-15 (base 7) to base 14
-c
3 (base 4) to base 12
3
Convert 49 (base 16) to base 4.
1021
Convert -56 (base 11) to base 6.
-141
What is -11 (base 4) in base 11?
-5
Convert 5 (base 14) to base 4.
11
-3 (base 13) to base 11
-3
Convert -321 (base 4) to base 16.
-39
What is -2213 (base 4) in base 8?
-247
2 (base 10) to base 6
2
Convert 0 (base